1)/(-6)). Let n = 21 - j. List the prime factors of n + 51/3 + 1.
19
Suppose 0 = -3*h - x + 1190 + 1083, h = 4*x + 775. What are the prime factors of h?
3, 11, 23
Suppose -7*p + 8 = -3*p. Suppose z = -p*z + 195. What are the prime factors of (-3)/(-5) + 611/z?
2, 5
Let s be (-8)/(-3)*24/32. Let k be 178*(3 + (-5)/s). Let x = k + -35. List the prime factors of x.
2, 3
Suppose -259 = -3*f + 5*q, 4*q + 260 = 4*f - f. Let y = f + 7. Suppose 0*u - y = -5*u. List the prime factors of u.
19
Suppose 143 + 54 = h. What are the prime factors of h?
197
Let z(i) = i**2 - 3*i + 1. Let p be z(5). Let w = p - 6. Suppose w*g - 50 = 3*g. List the prime factors of g.
5
Let t = 43 + -5. Let d be (0/2 + -1)*0. Suppose 2*y - 4*o - t = 0, d*y = -4*y - 5*o + 141. What are the prime factors of y?
29
Let s(h) = -h**3 + 7*h**2 - 4*h + 2. Let i = 25 + -20. List the prime factors of s(i).
2
Let l(h) = -h**2 - 6*h + 3. Let u be l(-5). Let z(j) = -u - 3*j - 3*j + 2*j**2 + 12. What are the prime factors of z(4)?
2, 3
Suppose -4*j - 1 = -9, -2*q = j - 282. List the prime factors of 28/q - 1604/(-5).
3, 107
What are the prime factors of 1*-3 + ((-342)/(-19) - -2421)?
2, 3, 7, 29
Let a = -26 - -33. Suppose -105 = a*d - 10*d. What are the prime factors of d?
5, 7
Let l be 0 - (-27 - (3 + -2)). Let x = 77 - l. List the prime factors of x.
7
Let n(r) = -2*r**3 - 25*r**2 + 19*r - 2. Let s = 86 + -100. What are the prime factors of n(s)?
2, 5
Let q be (-848)/(-272) - (-4)/(-34). Let a(h) = -9 + 1 - 2*h - 4 - h + h**q + 7*h**2. List the prime factors of a(-5).
53
Let w(n) = 16*n**2 - 4*n - 17. What are the prime factors of w(5)?
3, 11
Let i = -1020 + 2480. What are the prime factors of i?
2, 5, 73
Suppose 3*n + 25 = 5*k - 2*n, 5*k - 22 = 2*n. Suppose -c + 5*c = 12. Suppose c*j = 2*i - 6 + 11, -4*i - k*j + 20 = 0. List the prime factors of i.
2
Let q(b) be the second derivative of b**5/30 + b**4/6 + b**3/6 + 2*b**2 + 4*b. Let t(l) be the first derivative of q(l). What are the prime factors of t(-4)?
17
Suppose -q + 11*s - 14*s = -1831, 0 = -3*q + 3*s + 5517. List the prime factors of q.
11, 167
Suppose 28*i - 18*i = 100. List the prime factors of i.
2, 5
Let h = 2056 + -1184. What are the prime factors of h?
2, 109
Let l = 408 + -109. List the prime factors of l.
13, 23
Let a(s) = -s**3 - 6*s**2 - 3*s - 3. Suppose -11*c - 2*c = 117. What are the prime factors of a(c)?
3, 89
Let u = 163 + -131. What are the prime factors of u?
2
Let k(s) = -s**3 - 4*s**2 + 5*s - 6. Let j be k(-5). Suppose 3*x - 3*f + f + 12 = 0, 16 = -4*x + 3*f. Let c = x - j. List the prime factors of c.
2
Let s(t) = -3*t**3 + 5*t**3 - 12*t - 6*t**2 + 13 + 11*t. List the prime factors of s(6).
223
Suppose -2 = -q + 21. Suppose 4*y - q = -5*n + 3*y, -5*y - 5 = n. Suppose -90 - 50 = -n*t. List the prime factors of t.
2, 7
Let n be (-6 + 4)*2 - -256. Suppose 0*z = 3*z - n. What are the prime factors of z?
2, 3, 7
Let j(u) = -2*u**3 - 6*u - 5. Let t be j(-1). Suppose t*r + 4*r = 2324. What are the prime factors of r?
2, 83
Let a(r) = 71*r**2 + 4*r + 5. List the prime factors of a(3).
2, 41
Let j(m) = m**2 - 2*m - 8. Let y be j(7). Suppose b = -4*i + 6*b + 9, 5*i = b + y. List the prime factors of i.
2, 3
Suppose 5*d + 143 = -3*m, -2*d - 32 = m + 15. Let b = m + 172. List the prime factors of b.
11
Let r(a) = -118*a + 41. List the prime factors of r(-3).
5, 79
Let q = -56 - -58. Suppose -4*k = -4*m - 40, q*k + 0*m = 3*m + 25. What are the prime factors of k?
5
Let z be (-141)/(-21) + 6/21. Suppose z*v = 10*v - 15. List the prime factors of v.
5
Suppose 0 = -3*n, n - 3 = 2*a + 9. Let k = 20 - 12. List the prime factors of 4438/56 - a/k.
2, 5
Let f be -3*(-1 - (-7)/(-3)). Suppose -19*i + f = -17*i. What are the prime factors of 1/(-2)*(i - 11)?
3
Suppose -51 = 9*n - 168. Let y = n + 9. What are the prime factors of y?
2, 11
Suppose -2*y - 2*m + 6 = 0, -5*m + 2 + 3 = 0. Let c = y + 1. Suppose z - c*b = -0*b + 25, -z + 26 = -4*b. List the prime factors of z.
2, 11
Let y(r) = -38*r**3 + 4*r**2 - 2*r - 14. What are the prime factors of y(-4)?
2, 3, 5, 83
Suppose 4*y - 6*y = 4*f - 1984, 3968 = 4*y + 2*f. What are the prime factors of y?
2, 31
Let o(k) = -k**3 + k**2 + k - 3. Let c be o(0). Let u be 2 + -1 + 3/c. Suppose 2 = x, 3*q - 5*x + 8 - 58 = u. List the prime factors of q.
2, 5
Suppose -160 = -43*t + 39*t. What are the prime factors of 972/32 + (-15)/t?
2, 3, 5
Suppose 2*p - 7*p = 0, 4*u - 660 = 2*p. List the prime factors of u.
3, 5, 11
Suppose 3*z - 786 = 297. Suppose 185 = 7*w - z. What are the prime factors of w?
2, 3, 13
Suppose y + 757 = 4*w, -2*y - 2*w - 1487 = -w. Let h = -425 - y. List the prime factors of h.
2, 5
Let t = -61 + 131. What are the prime factors of t?
2, 5, 7
Suppose -3*g - 4*r + 151 = 37, -5*r = -5*g + 155. What are the prime factors of (2 - 4/1) + g?
2
Suppose -7*r - 2*f + 25 = -4*r, 5*r + f = 37. What are the prime factors of ((-3)/(3 - 4) + -2)*r?
7
Let f = -408 - -710. What are the prime factors of f?
2, 151
Let g(k) = 120*k**2 + 11*k - 3. Let y(m) = 80*m**2 + 7*m - 2. Let o(c) = -5*g(c) + 8*y(c). What are the prime factors of o(-1)?
2, 19
Suppose -3*k = -2 - 4. Suppose -4*n - 4*i + 40 = 0, -k*n + i + 3 = -11. Let q = n + -5. What are the prime factors of q?
3
What are the prime factors of (-217 - 20)*((-1 - 1) + 1)?
3, 79
Let v(t) = 3*t - 11. Let s(g) = -3*g + 12. Let o(x) = 3*s(x) + 4*v(x). Let r be o(6). Suppose 8 + r = u. What are the prime factors of u?
2, 3
Suppose 9 - 1 = 4*r. Suppose 0 = r*c - 4*p - 98, -5*p - 9 = -3*c + 139. List the prime factors of c.
3, 17
Suppose 0 = -8*h + h + 77. Let u(n) = -6*n - 5 - 4 + n**2 - 4. What are the prime factors of u(h)?
2, 3, 7
Let q(r) = r**2 - 2*r + 12. Let n be (-9)/(-6) - (-9)/2. What are the prime factors of q(n)?
2, 3
Suppose 20*u + 96 = 8*u. Let c(g) = -2*g + 0*g - 14 - g. What are the prime factors of c(u)?
2, 5
Let b(c) be the second derivative of -c**5/20 - 7*c**4/6 - 13*c**3/6 + 6*c**2 + 6*c. Let f be b(-13). Suppose 2*j - 16 - f = 0. What are the prime factors of j?
2, 7
Let h(v) = 446*v**2 + 5*v. List the prime factors of h(-2).
2, 887
Let n = -30 + 2. Let w = n - -64. What are the prime factors of w?
2, 3
Suppose 11*c = -c + 24. Suppose 4*m = c*o - 196, m + 23 - 491 = -5*o. What are the prime factors of o?
2, 47
Let f(p) = p**3 + 4*p**2 + 7*p - 5. Let q be f(-5). Let j be (-281)/3 + 4/6. Let z = q - j. What are the prime factors of z?
2, 7
Suppose -3*c + 3 = -p - 2, 4*p = 4*c - 20. Suppose c = 20*u - 18*u - 150. List the prime factors of u.
3, 5
Let b = -34 - 21. Let u = 153 + b. List the prime factors of u.
2, 7
Let z(y) be the third derivative of 0*y - 2/3*y**3 - 5/24*y**4 + 0 - 2*y**2. What are the prime factors of z(-6)?
2, 13
Suppose 0 = 22*z + 5*z - 1350. List the prime factors of z.
2, 5
Let g = -23 + 63. List the prime factors of g.
2, 5
Let z(j) = -j**3 + j**2. Let y(g) = 3*g**3 + 3*g**2 + 2*g - 2. Let m(a) = y(a) + 2*z(a). Let f be m(-5). List the prime factors of f/9*(-6)/4.
2
Let r be (5/1 - 0)*-2. Let c be (1 - -1) + (-10 - r). Suppose -2*o = -30 + c. What are the prime factors of o?
2, 7
Suppose -4*x - 28 = -4*o, o + 5*x - 3 = 4*x. Let m(a) = 10*a - 8. List the prime factors of m(o).
2, 3, 7
What are the prime factors of (-8)/52 - 214056/(-156)?
2, 7
Let i(k) be the first derivative of k**4/4 - 8*k**3/3 - k**2/2 + 6*k + 2. Let s be i(8). What are the prime factors of (-10)/(2*s/16)?
2, 5
Let m be 382/6 + (-16)/(-12). Suppose 5*l - m - 365 = 0. What are the prime factors of l?
2, 43
Let c(b) = b**3 - 5*b**2 - 9*b + 6. Let z be (-6)/(-27) + (-208)/(-36). Let s be c(z). What are the prime factors of (-17 + 16)/(1/s)?
2, 3
Suppose 148 = 3*c - 182. Let z = 306 - c. Suppose t = -3*x + 55, -4*t - 4*x = -0*x - z. What are the prime factors of t?
2, 23
Let r = 1321 + -433. What are the prime factors of r?
2, 3, 37
Suppose -4*m - m - 5 = -5*z, m - 17 = -5*z. Let s(r) = -13*r - 10. Let n(w) = -w - 1. Let a(k) = 18*n(k) - 2*s(k). List the prime factors of a(m).
2, 3
Suppose -5*k + 154*g + 23836 = 156*g, 9544 = 2*k + 4*g. What are the prime factors of k?
2, 2383
Let z be ((-84)/18)/((-2)/6). List the prime factors of ((-7)/z)/(1 - (-75)/(-72)).
2, 3
Suppose -j + 15*c + 510 = 14*c, c = -j + 516. What are the prime factors of j?
3, 